
-1
Let g(q) = q**2 + 8*q - 1. Let l be -1 - -33 - (4 + -2 + 0). Suppose l = -18*k + 12*k. Give g(k).
-16
Suppose -7 = -t + 4*a, 3*a + 5 - 2 = 0. Let z(v) = -3 - 2 + 2 + 8*v**t + 2*v**2 + 2. What is z(-1)?
-7
Let b be -10 + (-2)/(-5 + 3) + 3. Let v(z) = -z**3 - 8*z**2 - 7*z + 7. What is v(b)?
-23
Let p(g) = g**3 + 3*g**2 + 4*g + 1. Let a be 8/4 - -3 - 0. Suppose s + a*s + 18 = 0. Give p(s).
-11
Let s(z) = -2*z - 1. Suppose 2*b + 18 = 4*b - 4*m, -3*b - 3*m = 0. Let y(a) = -b*a + 1 + 8*a - 4*a. Let h be y(4). What is s(h)?
-11
Let a(s) = -s**2 + 5*s - 4. Let b be a(3). Suppose -4*m = -n - 12, 9 = -3*n + m + b*m. Let l(r) = 2 + r - r**2 - 2*r + n*r. Determine l(-2).
0
Suppose 19 = -4*n + v, -3*n - 5*v - 49 = n. Let k = 17 + -9. Let h(w) = -k*w - 4*w**2 + 5*w**2 + 12*w - 5 + 4. What is h(n)?
11
Let s(q) be the second derivative of -5/2*q**2 - 1/15*q**5 + 1/120*q**6 + 2/3*q**3 + 1/12*q**4 + 0 - 6*q. Let g(v) be the first derivative of s(v). Give g(3).
1
Let z be 18/(-4)*(-20)/15. Suppose 4*w = -3*m + 15, -4*w + z*w - m - 5 = 0. Suppose 0 = 3*a + w*a. Let r(g) = g**2 - 10. Determine r(a).
-10
Let a = 22 - 24. Let x = -4 - a. Let d be x/3*60/8. Let t(g) = g**3 + 4*g**2 - 4*g + 7. What is t(d)?
2
Let c(j) = j**3 + j**2 - 5*j - 3. Let f be c(-3). Let k(a) = a**3 + 6*a**2 + 2*a + 10. Give k(f).
-2
Let f(h) = -3*h + 65. Let p be f(21). Let n(a) = 0*a - 2*a**p + 0*a - a**3 + 2*a - 2*a**2 + 3. What is n(-3)?
-12
Let d(g) = 5*g + 1. Let l(p) = 2*p - 3771 + 3771. Let v(k) = 3*d(k) - 8*l(k). Let i(s) = 6*s**3 - 2*s**2 + 2*s - 1. Let o be i(1). Calculate v(o).
-2
Let h(b) = b**2 - 9*b + 1. Let c(q) = 2*q**2 - 3*q + 4. Let g be c(2). Give h(g).
-17
Let o(h) be the first derivative of h**3/3 + 3*h**2/2 + 3*h - 1. Let q be 7/14 - ((-53)/2 + -1). Let j be 7*12/q*(2 + -3). What is o(j)?
3
Let q(u) = u**3 - 4*u + 3. Let s be (9 - -5) + (-2 - 1). Let z = -9 + s. Give q(z).
3
Let q = 8 - 4. Suppose -d = -3*d + q. Let h(w) = -w**2 + 4*w - 3. Determine h(d).
1
Let a(o) be the third derivative of -o**6/24 + o**4/24 + 4*o**2. Let f be (1 - 0)*(-2 + 1). Calculate a(f).
4
Suppose -32*g - 126 = -14*g. Let q(k) = -2*k**2 - 3*k + 7. Give q(g).
-70
Let i = 2133 - 2125. Let t(h) = -2*h + 4. Determine t(i).
-12
Let j be 5/(-2)*(-5)/(-50)*-244. Let k = 63 - j. Let y(m) = 3*m + 1. What is y(k)?
7
Let q(i) = 2*i. Let m(h) = 3*h. Let s(a) = -6*m(a) + 10*q(a). Let t(f) = f**3 - 3*f**2 + 7*f - 9. Let c be t(2). Determine s(c).
2
Suppose -18*c = -8*c + 50. Let v(j) = j**2 + 4*j + 11. Give v(c).
16
Let n(u) be the second derivative of u**3/6 + 9*u**2/2 - 110*u. Let x = -31 + 22. Determine n(x).
0
Let j(c) = -c + 0*c + 0 - 3*c + c**2 - 2. Let o be 50/6 + (-8)/(-12). Let z = o - 4. Determine j(z).
3
Let y be (6 + -11)*1 - -5. Let z(l) be the second derivative of y*l**3 - 5*l + 0 + 0*l**2 - 1/4*l**4. Give z(1).
-3
Let v(c) = 2*c**2 + 17 - 17 + 3*c**2 - c**3 + 3 - c - 3*c**2. Determine v(3).
-9
Let a(q) = -q**3 - 6*q**2 + 6*q - 5. Let v = -2 + 14. Suppose -m - 32 = 5*x, x + 0 + v = -m. Give a(m).
2
Let v(m) = 3*m**3 + m - 6. Let r(w) = -2*w**3 - 2*w + 5. Let d(u) = 4*r(u) + 3*v(u). Calculate d(-3).
-10
Suppose -p + 0*w = 4*w - 18, 3*p - w - 2 = 0. Suppose p*i - 3*g + 3 = 0, -3*g + 2 = -i - g. Suppose -f - 5 = -i*f. Let q(c) = -c - 4. Calculate q(f).
1
Let n(v) = v**3 + 6*v**2 + 7. Let b = 42 - 19. Let o = b + -29. What is n(o)?
7
Let g(i) be the third derivative of -i**4/24 + 7*i**3/6 + i**2. Let y(q) = -q + 1. Let u(k) = -g(k) + 5*y(k). Let x = 23 + -21. Give u(x).
-10
Suppose -65 = -5*p + 25. Suppose 3*n - 22 - p = 5*j, -3*n = -j - 20. Let s(d) be the first derivative of -d**4/4 - 5*d**3/3 - d**2/2 - 5*d - 4. Calculate s(j).
0
Let m(x) = -3*x**2 + 4*x. Let s(i) be the second derivative of i**4/6 - i**3/2 - 5*i. Let a(h) = 3*m(h) + 4*s(h). What is a(1)?
-1
Let o(d) = d**3 - 6*d**2 + 7*d - 7. Suppose 4*a + 0*t - 2*t = 24, 0 = 2*a + t - 8. Give o(a).
3
Let s = 105 + -150. Let r = -38 - s. Let y(g) = 13*g**2 - 11*g - 23. Let a(m) = 3*m**2 - 3*m - 6. Let i(f) = 9*a(f) - 2*y(f). Determine i(r).
6
Let q(l) = -4*l**3 - 2*l**2 - l. Let m be q(-1). Let r(d) = 19*d. Let a(s) = -32*s + 1. Let j(y) = -3*a(y) - 5*r(y). Calculate j(m).
0
Suppose 3 = 2*o - x, 4*x - 2*x = -5*o + 21. Let i(c) = -3 - 11*c - c**3 + 2*c**o + 8*c**2 + 4*c - 3*c**2. Give i(-6).
3
Let q = 67 - 13. Let y = q - 48. Let f(b) be the second derivative of -b**4/12 + 5*b**3/6 + 3*b**2 - 4*b. Determine f(y).
0
Let h(p) = -p + 1. Let m(w) = -2*w + 4. Let a(z) = h(z) - m(z). Give a(-11).
-14
Let t(h) = 4*h**2 + 2*h - 7. Suppose -o + 2 = -3. Let g(q) = 22 - 6*q + q**2 + 5*q**2 - 18*q**2. Let l(n) = o*g(n) + 16*t(n). What is l(-2)?
10
Let a(l) be the second derivative of -l**3/6 - 19*l**2/2 + 4*l - 11. Determine a(-22).
3
Let u(d) = 5*d**2 + 27*d - 56. Let n(k) = -4*k**2 - 25*k + 53. Let r(y) = 6*n(y) + 5*u(y). What is r(11)?
-6
Let o = 783 + -769. Let c(j) be the first derivative of 1/2*j**2 - 2*j + o. What is c(2)?
0
Let n = -942 - -941. Let y(r) = -28*r**2 - 3*r - 2. Determine y(n).
-27
Let h(b) = -2*b - 12. Let r be (-9 + -1)/(-2) + -87 + 82. Calculate h(r).
-12
Let x(r) = -r**3 - 5*r**2 + 5*r - 7. Suppose 2*n + 9*n + 66 = 0. What is x(n)?
-1
Let m(t) = -14*t + 1. Suppose 0 = 25*w + 51 - 1. What is m(w)?
29
Let t(q) = 3*q - 5*q + q - 12. Determine t(-14).
2
Suppose 0 = 12*i - 5*i - 28. Suppose w - 21 = -i*g + 2*w, 0 = 5*g + w - 33. Let r(y) = -y**2 + 3*y + 2. What is r(g)?
-16
Let c(h) be the first derivative of 5 + h**2 - h + 1/4*h**4 - 1/3*h**3. Let k be -1 - -2 - 0/(-4). What is c(k)?
1
Let b(l) = -5*l - 35. Let y be b(-7). Let q be -7*(-1 - y/3). Let o(t) = t**2 - 7*t - 4. What is o(q)?
-4
Let k = 2040 + -2046. Let d(p) = -5*p**2 + 8*p + 3. Let u = -34 + 23. Let s(f) = 9*f**2 - 16*f - 7. Let i(a) = u*d(a) - 6*s(a). Give i(k).
-3
Let t(a) = 2 + 0*a + 0 - 11 + 9*a - a**2. Let w be t(5). Let i(n) = -n + w - n - n + 4*n. Give i(-5).
6
Let n(h) = h**3 - 4*h**2 + 3*h + 1. Suppose 7*x = 4*x - 24. Let l be -2 + 2*(-44)/x. Suppose -4*z + 21 - l = 0. What is n(z)?
1
Let j(r) be the second derivative of r**4/12 - 2*r**3/3 - 9*r**2/2 + 6*r + 2. Calculate j(6).
3
Let i(u) be the third derivative of u**5/60 - 5*u**4/8 + 2*u**3/3 + 126*u**2 - u. Determine i(14).
-10
Suppose 0 = y - 3*y - 6. Let m(c) = -1 - 367*c + 126*c + c**2 + 121*c + 118*c. What is m(y)?
14
Let v(g) = g**2 + 4*g + 3. Let c(w) = 5*w**2 + 16*w + 12. Let d(k) = 2*c(k) - 9*v(k). Let j(o) = -o**2 + 58*o - 437. Let l be j(49). Give d(l).
-3
Let g(n) = -n**2 - n - 1. Suppose 3*h + 7 = -k, 0 = 13*k - 9*k - 3*h - 2. Determine g(k).
-1
Let q(h) = 4*h**2 - 5*h**2 + 4*h + 2*h**2 + 4 - 3*h**2. Let s = 86 + -82. Calculate q(s).
-12
Suppose 5*n - 553 = -563. Let b(k) = 10*k + 1. What is b(n)?
-19
Let s(u) be the second derivative of -u**5/20 + 5*u**4/12 - u**2/2 + 2*u. Let c(f) = f**3 - 17*f**2 - 18*f + 5. Let y be c(18). Give s(y).
-1
Let d(u) = -u**3 - 6*u**2 + 5*u - 6. Let q be 1*3 - 63/7. Let l be -4 - (4 + q + 5). What is d(l)?
8
Let y(f) = -5*f**3 - 10*f**2 - 28*f + 8. Let h(t) = 9*t**3 + 19*t**2 + 54*t - 17. Let d(o) = 6*h(o) + 11*y(o). What is d(6)?
10
Let d(i) = -6*i - 3. Let c be d(-2). Suppose 3 + c = 4*r. Let p(s) = -4 - r*s**2 + s**2 + s**2 - 4*s + s. Determine p(-3).
-4
Let h be (4/3 + 0)*93/62. Let a(w) be the second derivative of w**5/20 - w**4/12 - w**3/3 + w**2/2 - 12*w. Determine a(h).
1
Let o(s) = 7*s - 5. Let h(z) = 10*z - 9. Let g(l) = 3*h(l) - 5*o(l). Calculate g(-2).
8
Let g(k) be the first derivative of 0*k + 1/3*k**3 + 2 + 0*k**2. Let p = 50 - 53. What is g(p)?
9
Let h(x) be the first derivative of x**4/4 - 2*x**3/3 - 2*x**2 - 2*x - 223. Determine h(-2).
-10
Let i(b) = 28*b + 38. Let a(v) = -5*v - 7. Let x(k) = 33*a(k) + 6*i(k). Determine x(0).
-3
Let s(d) = 3496 + 8*d**2 + 7*d + 2*d**2 - 8*d**2 - 3488. Determine s(-2).
2
Let t(r) = r**3 - 11*r**2 + 11*r - 11. Let z = -216 - -226. Determine t(z).
-1
Let p(o) = o**3 - 10*o**2 + 2*o - 24. Let f be p(10). Let n(d) = -17*d - 3. Calculate n(f).
65
Suppose 0*f + 2*f = -44. Let l = f + 16. Let k(q) = 3*q**3 - 10*q**2 - 5*q + 3. Let h(p) = -p**3 + p**2 + p - 1. Let i(t) = -4*h(t) - k(t). Calculate i(l).
-5
Let i(z) = -4*z**3 - 3*z**2 - 7*z - 7. Let l(a) = -4*a**3 + a**2 + 2*a + 2. Let d(v) = 2*i(v) + 7*l(v). Calculate d(